{"id":85,"date":"2017-07-19T13:43:50","date_gmt":"2017-07-19T10:43:50","guid":{"rendered":"http:\/\/www.vaskionmetsastysseura.fi\/metsastysseura\/?page_id=85"},"modified":"2024-08-13T13:10:38","modified_gmt":"2024-08-13T10:10:38","slug":"vaskion-metsastysseura","status":"publish","type":"page","link":"https:\/\/www.vaskionmetsastysseura.fi\/","title":{"rendered":"Vaskion Mets\u00e4stysseura"},"content":{"rendered":"<p>&nbsp;<\/p>\n<p><strong>Suurpetohavaintojen ilmoittaminen<br \/>\n<\/strong>ilmoittakaa havaintonne v\u00e4litt\u00f6m\u00e4sti petoyhdyshenkil\u00f6lle tai antakaa tuttavillenne petoyhdyshenkil\u00f6n yhteystiedot, ett\u00e4 havainnot saataisiin kirjattua.<\/p>\n<p><strong>Vaskion petoyhdyshenkil\u00f6t:<br \/>\n<\/strong>Reino Haapanen 050 5144384<br \/>\nrh.timanttityo@gmail.com<\/p>\n<p>V\u00e4in\u00f6 Koli 044 3424000<br \/>\nvaino.koli@gmail.com<\/p>\n<p>Mikko M\u00e4\u00e4tt\u00e4nen 040 5022742<br \/>\nmikkomaattanen@outlook.com<\/p>\n<p>&nbsp;<\/p>\n<p>&nbsp;<\/p>\n","protected":false},"excerpt":{"rendered":"<p>&nbsp; Suurpetohavaintojen ilmoittaminen ilmoittakaa havaintonne v\u00e4litt\u00f6m\u00e4sti petoyhdyshenkil\u00f6lle tai antakaa tuttavillenne petoyhdyshenkil\u00f6n yhteystiedot, ett\u00e4 havainnot saataisiin kirjattua. Vaskion petoyhdyshenkil\u00f6t: Reino Haapanen 050 5144384 rh.timanttityo@gmail.com V\u00e4in\u00f6 Koli 044 3424000 vaino.koli@gmail.com Mikko M\u00e4\u00e4tt\u00e4nen &hellip; <a href=\"https:\/\/www.vaskionmetsastysseura.fi\/\" class=\"more-link\">Jatka lukemista <span class=\"screen-reader-text\">Vaskion Mets\u00e4stysseura<\/span> <span class=\"meta-nav\">&rarr;<\/span><\/a><\/p>\n","protected":false},"author":5,"featured_media":0,"parent":0,"menu_order":0,"comment_status":"closed","ping_status":"closed","template":"","meta":{"footnotes":""},"class_list":["post-85","page","type-page","status-publish","hentry"],"_links":{"self":[{"href":"https:\/\/www.vaskionmetsastysseura.fi\/index.php?rest_route=\/wp\/v2\/pages\/85","targetHints":{"allow":["GET"]}}],"collection":[{"href":"https:\/\/www.vaskionmetsastysseura.fi\/index.php?rest_route=\/wp\/v2\/pages"}],"about":[{"href":"https:\/\/www.vaskionmetsastysseura.fi\/index.php?rest_route=\/wp\/v2\/types\/page"}],"author":[{"embeddable":true,"href":"https:\/\/www.vaskionmetsastysseura.fi\/index.php?rest_route=\/wp\/v2\/users\/5"}],"replies":[{"embeddable":true,"href":"https:\/\/www.vaskionmetsastysseura.fi\/index.php?rest_route=%2Fwp%2Fv2%2Fcomments&post=85"}],"version-history":[{"count":85,"href":"https:\/\/www.vaskionmetsastysseura.fi\/index.php?rest_route=\/wp\/v2\/pages\/85\/revisions"}],"predecessor-version":[{"id":736,"href":"https:\/\/www.vaskionmetsastysseura.fi\/index.php?rest_route=\/wp\/v2\/pages\/85\/revisions\/736"}],"wp:attachment":[{"href":"https:\/\/www.vaskionmetsastysseura.fi\/index.php?rest_route=%2Fwp%2Fv2%2Fmedia&parent=85"}],"curies":[{"name":"wp","href":"https:\/\/api.w.org\/{rel}","templated":true}]}}